ose -4*c + 314 + 3202 = f. What are the prime factors of c?
3, 293
Let l = 86 - 121. Suppose 2*i = -2*t - 86, -4*i + 28 = 4*t - 5*t. Let a = l - t. List the prime factors of a.
5
Let h = 8156 + -5197. What are the prime factors of h?
11, 269
Suppose -2*t = 2*f + 54, 3*f - 4*f = 3*t + 75. Let u = 34 + t. List the prime factors of u.
2, 5
Let i(k) = -k**3 - 19*k**2 - 21*k - 23. Let b be i(-19). Let u = b + -366. What are the prime factors of u?
2, 5
Let t(n) = -53*n - 13. Let m(i) = -4*i**2 - 9*i + 2. Let d be m(-3). List the prime factors of t(d).
2, 179
Let d(v) = 2 - 16*v + 259*v**2 - 16*v + 28*v + 3. List the prime factors of d(1).
2, 5, 13
Let x(l) = 2*l**2 - 15*l + 15. Let a be x(7). Let s = a - 5. Let c(j) = 24*j + 11. What are the prime factors of c(s)?
83
Let g(b) = 11*b**3 - 2*b**2 + 1. Suppose -15*h - 29 = -44. What are the prime factors of g(h)?
2, 5
Let u be (7 + -3 + -9)*-1. Suppose -5 = u*i + 45. Let y(m) = -m**2 - 13*m - 23. List the prime factors of y(i).
7
Let x(r) = 54*r**2 - 20. Let o be x(-4). Let w = o + -595. List the prime factors of w.
3, 83
Suppose 5*i = -2*v + 508, 4*v + 429 - 17 = 4*i. Suppose 3*o + 0*o = i. Suppose -o*h - 411 = -37*h. What are the prime factors of h?
137
Suppose 0 = -3*x + 3*z + 39, 2*x + 3*z - 3 - 8 = 0. What are the prime factors of (-1496)/(-16) - (x/(-4) + 1)?
5, 19
Suppose -4020 = 29*l - 34*l. Let t = -551 + l. What are the prime factors of t?
11, 23
Let z be (32/10 - 3) + (-162)/(-90). Suppose -3*t + 3683 = -5*v, -11*t + z*v = -5*t - 7358. List the prime factors of t.
2, 613
Suppose -2*d = 3*a - 7227, -2*d - 5*a + 2609 = -4628. Let p be d/(-15) - -2*2/10. Let z = p + 422. What are the prime factors of z?
2, 7, 13
Suppose 5*o = -2*d + 3*d - 1739, -2*o + 2*d - 702 = 0. Let v(y) = -2*y**3 + 25*y**2 + 3*y + 314. Let u be v(14). Let a = u - o. List the prime factors of a.
5, 23
Suppose 2*g + 6 = 0, -4*o - 3*g = -4000 - 19943. List the prime factors of o.
2, 3, 499
Let y(d) = -3*d**3 - 25*d**2 + 245*d + 21. What are the prime factors of y(-19)?
2, 3, 1153
Let s(h) = -h**3 + 29*h**2 - 23*h + 123. Let f be s(-21). What are the prime factors of (2/2)/(48/f)?
2, 59
Suppose 8*h + 46 = 6. Let q(l) = -l**3 - 5*l**2 + l + 7. Let v be q(h). Suppose 0 = v*k + 3*k - 510. What are the prime factors of k?
2, 3, 17
Suppose -3*n + 0 = -3. Let v(m) = 3*m - 2. Let j be v(n). What are the prime factors of (-307 - j)*2/(16/(-4))?
2, 7, 11
Let g = -152 - -114. List the prime factors of g/(-57) + 1 + (-1038)/(-9).
3, 13
Let r = 52 - -3. Suppose 0 = 62*v - r*v - 2177. List the prime factors of v.
311
Let z(s) = s**3 - 2*s**2 - 3*s + 2713. List the prime factors of z(0).
2713
Let w(k) = 4*k**2 - 54*k - 1001. What are the prime factors of w(-24)?
23, 113
Let x(q) = 12 + 98*q - 4 - 32*q. What are the prime factors of x(2)?
2, 5, 7
Let z = 25871 + -15484. What are the prime factors of z?
13, 17, 47
Suppose -8*l = -5*l - 18. Suppose u = l*s - s + 119, 4*s - 262 = -3*u. What are the prime factors of u?
2, 47
List the prime factors of (-84)/(-112) + (-191652)/(-16).
3, 11
Suppose 3*j + 5 = 2*y, 9*j - 4*y - 15 = 8*j. Let o(l) = -217*l - 26. List the prime factors of o(j).
3, 353
Let o(g) = 287*g**2 - 14*g - 59. What are the prime factors of o(-4)?
13, 353
What are the prime factors of (3 - -6 - 4)/(13/16887)?
3, 5, 433
Let f(i) = 105*i**2 + 14*i - 1. Suppose 4*g = 14*x - 15*x + 20, -16 = -x - 3*g. List the prime factors of f(x).
5, 347
Let w(g) = -180*g + 18. Let c be w(-6). Suppose -710 = -16*p + c. List the prime factors of p.
113
Suppose -15*n + 1299 = -2136. Let o = 375 - n. What are the prime factors of o?
2, 73
Let z be (-7 - (-36)/9) + (-4062)/(-2). Let s = z - 1443. What are the prime factors of s?
3, 5, 13
Let g be ((-2)/(-4))/(4/2960). Let s = 78 + -73. Suppose -t = 2*v - 143 + 7, -s*v + 5*t + g = 0. What are the prime factors of v?
2, 5, 7
Suppose -u + 5*o + 4445 + 3375 = 0, 0 = 3*u + o - 23412. What are the prime factors of u?
5, 7, 223
Let o = -1740 - -1747. Let g(k) be the first derivative of 8*k**2 - 24*k - 1. List the prime factors of g(o).
2, 11
Let r = 654 + -128. Suppose -r - 2885 = -3*m. List the prime factors of m.
3, 379
Let m = -12014 + 19932. List the prime factors of m.
2, 37, 107
Suppose -4*p + 5*j - 7 = 0, -3*p = j - 2*j - 3. Suppose 0 = p*m - 2*k - 706, -4*m + 2*k + 1397 = k. Suppose -8*u + m = -1052. List the prime factors of u.
5, 7
Suppose -4*r - 18 = -13*r. Suppose -d = -w - 144, 3*d - 4*d - r*w = -159. What are the prime factors of d?
149
Let u = 1386 + -908. Suppose r - u = -79. Suppose -9*a = -6*a - r. What are the prime factors of a?
7, 19
Let w(r) = 29*r**3 + 3*r**2 + 29*r + 96. List the prime factors of w(12).
2, 3, 7, 607
Let r(a) = 22*a**2 - 39*a + 377. List the prime factors of r(15).
2, 2371
Let k = -197 - -7. List the prime factors of (-2466)/(-4) - k/(-76).
2, 307
Let c(s) = s**3 + s. Let p be c(0). Suppose -11 = -f - p. Suppose -6*o - 610 = -f*o. What are the prime factors of o?
2, 61
Let s = -401 - -366. Suppose -l = -2*l + 5*i + 29, 3*i + 33 = l. Let c = l + s. What are the prime factors of c?
2
Suppose y + 12*y = -54*y + 2367847. What are the prime factors of y?
59, 599
Let w(z) = z**3 + 6*z**2 + 2*z. Let h be w(-6). Let l(g) be the first derivative of g**4/4 + 11*g**3/3 - 8*g**2 + g - 16. List the prime factors of l(h).
7
Let y(g) = -2*g**3 + 3*g**2 - 6*g - 2. Let s be y(3). Let o = s - 36. Let n = 44 - o. What are the prime factors of n?
127
Let w be (-2 - 0) + (66 - -1) + 3. Let q = 5 + -8. Let x = w - q. What are the prime factors of x?
71
Suppose 2956130 - 5199792 = -106*a + 2894158. What are the prime factors of a?
2, 5, 37, 131
Let a(k) = -4 + 4*k + 5*k**3 - 2*k**2 - 2*k**3 - k**2. Let b = -52 - -55. List the prime factors of a(b).
2, 31
Let o be (-9 - (34 - 7))*(-1347)/12. Suppose -6*v = -o + 597. What are the prime factors of v?
2, 7, 41
Suppose -23*v - 13218 = -305916. What are the prime factors of v?
2, 3, 7, 101
Let u(d) = 10*d**2 + 7*d + 3. Let z be u(-4). Suppose s - 7*q - z = -3*q, -3*q = -9. What are the prime factors of s?
3, 7
Let k(y) = -y**3 + 5*y**2 - 4*y - 4. Let w be k(2). Suppose 2*x - 3*x + 2*p + 318 = 0, w = -2*x - 4*p + 652. What are the prime factors of x?
2, 7, 23
Let g = -44 + 49. Suppose 3*w - 87 = 3*r, -3*w - g*r = -9 - 86. Let a(x) = x**2 - 23*x - 28. List the prime factors of a(w).
2, 7, 13
Let c be 26/(-4)*2/(-3)*3. Suppose 4*l + 5940 = c*l. List the prime factors of l.
2, 3, 5, 11
Let c(y) = -y + 15. Let b be c(-12). Let j = -27 + b. What are the prime factors of 71 + (j - 5) + 1?
67
Let i(w) = -6*w - w**3 + 0*w**3 - 9*w**2 + 13 + 5 - 4*w. What are the prime factors of i(-11)?
2, 5, 37
Let h(v) = v**3 + 6*v**2 + 3*v - 10. Let i be h(-5). Suppose -2*q - 2*m + 462 + 120 = i, 3*m - 1168 = -4*q. What are the prime factors of q?
5, 59
Suppose 0 = -8*b - 16 + 16. Suppose b = 2*j - j + 4*y + 14, -2*j = 2*y + 28. Let u(q) = q**3 + 17*q**2 + 32*q + 5. What are the prime factors of u(j)?
5, 29
Suppose -2*g = 5*j - 16, 2*g = 3*g + 5*j - 8. What are the prime factors of (-7 - -11 - 8)*(-1186)/g?
593
Let w be (-6)/(-27) - (-20)/(-90). Suppose w = -15*k + 2271 + 8304. What are the prime factors of k?
3, 5, 47
Let r(s) = -s**3 + 16*s**2 + 4*s + 10. Let i(u) = -4*u**2 + 32*u + 16. Let l be i(8). List the prime factors of r(l).
2, 37
Let b be (6/4)/((-21)/(-70)). Suppose -2*w = w - 2*k - 257, -4*w = -b*k - 331. Let g = w - 32. What are the prime factors of g?
3, 19
Let s(b) = 63*b - 23. Let a be s(3). Suppose 0 = 5*j - 3*l - 1323, -j = -l - a - 99. List the prime factors of j.
2, 3, 11
Let s(h) = -23*h - 61. Let a(i) = -25*i - 60. Let j(c) = -3*a(c) + 4*s(c). What are the prime factors of j(-6)?
2, 19
Let p(t) = 982*t**2 + 3*t. Let h be p(-1). Suppose 24*o - 13*o = h. What are the prime factors of o?
89
Let l(y) = -5*y**2 - 345*y + 193. List the prime factors of l(-65).
1493
Let j be (-2)/(0/(-5) - 2)*585. Suppose -4*w + 7*w = j. List the prime factors of w.
3, 5, 13
Let j be ((-12)/7)/(-6) + 18507/(-21). Let x = -31 - j. What are the prime factors of x?
2, 5, 17
Suppose 2*h - 210 = a, -5*a - 3*h - 1011 = -0*h. Let t = a + 516. What are the prime factors of t?
2, 3, 13
Let z be (-15)/(-6)*(-304)/(-10). Suppose j - z = -6. List the prime factors of j.
2, 5, 7
